en 162 is divided by 54?
0
Calculate the remainder when 162 is divided by 47.
21
What is the remainder when 20 is divided by 7?
6
What is the remainder when 171 is divided by 19?
0
Calculate the remainder when 405 is divided by 24.
21
Calculate the remainder when 514 is divided by 178.
158
Calculate the remainder when 172 is divided by 45.
37
Calculate the remainder when 57 is divided by 12.
9
Calculate the remainder when 83 is divided by 14.
13
What is the remainder when 293 is divided by 74?
71
What is the remainder when 561 is divided by 94?
91
Calculate the remainder when 271 is divided by 39.
37
What is the remainder when 479 is divided by 248?
231
Calculate the remainder when 70 is divided by 19.
13
Calculate the remainder when 42 is divided by 22.
20
What is the remainder when 3144 is divided by 63?
57
What is the remainder when 1346 is divided by 9?
5
Calculate the remainder when 359 is divided by 72.
71
What is the remainder when 160 is divided by 61?
38
Calculate the remainder when 416 is divided by 105.
101
Calculate the remainder when 1870 is divided by 26.
24
Calculate the remainder when 128 is divided by 41.
5
What is the remainder when 110 is divided by 44?
22
What is the remainder when 1004 is divided by 135?
59
What is the remainder when 343 is divided by 201?
142
What is the remainder when 143 is divided by 8?
7
Calculate the remainder when 437 is divided by 6.
5
What is the remainder when 1419 is divided by 51?
42
What is the remainder when 382 is divided by 380?
2
What is the remainder when 335 is divided by 46?
13
What is the remainder when 3805 is divided by 757?
20
What is the remainder when 550 is divided by 24?
22
Calculate the remainder when 1008 is divided by 503.
2
Calculate the remainder when 428 is divided by 55.
43
What is the remainder when 948 is divided by 50?
48
What is the remainder when 1550 is divided by 25?
0
What is the remainder when 3227 is divided by 17?
14
Calculate the remainder when 83 is divided by 23.
14
Calculate the remainder when 1262 is divided by 11.
8
What is the remainder when 6755 is divided by 52?
47
What is the remainder when 54 is divided by 22?
10
What is the remainder when 288 is divided by 272?
16
What is the remainder when 275 is divided by 35?
30
What is the remainder when 1355 is divided by 357?
284
Calculate the remainder when 5703 is divided by 23.
22
Calculate the remainder when 678 is divided by 664.
14
Calculate the remainder when 13280 is divided by 29.
27
Calculate the remainder when 1265 is divided by 239.
70
Calculate the remainder when 85 is divided by 58.
27
What is the remainder when 243 is divided by 49?
47
What is the remainder when 182 is divided by 69?
44
Calculate the remainder when 113 is divided by 38.
37
What is the remainder when 856 is divided by 271?
43
Calculate the remainder when 26 is divided by 21.
5
What is the remainder when 490 is divided by 155?
25
What is the remainder when 838 is divided by 417?
4
Calculate the remainder when 32 is divided by 9.
5
What is the remainder when 146 is divided by 56?
34
Calculate the remainder when 235 is divided by 61.
52
Calculate the remainder when 340 is divided by 56.
4
Calculate the remainder when 2095 is divided by 262.
261
What is the remainder when 8794 is divided by 13?
6
Calculate the remainder when 585 is divided by 118.
113
Calculate the remainder when 654 is divided by 9.
6
What is the remainder when 2639 is divided by 11?
10
What is the remainder when 230 is divided by 102?
26
Calculate the remainder when 1915 is divided by 11.
1
Calculate the remainder when 2017 is divided by 58.
45
What is the remainder when 6286 is divided by 44?
38
Calculate the remainder when 1248 is divided by 248.
8
Calculate the remainder when 124 is divided by 17.
5
Calculate the remainder when 173 is divided by 160.
13
Calculate the remainder when 466 is divided by 57.
10
Calculate the remainder when 148 is divided by 79.
69
What is the remainder when 478 is divided by 8?
6
Calculate the remainder when 227 is divided by 111.
5
Calculate the remainder when 19619 is divided by 30.
29
Calculate the remainder when 2320 is divided by 1156.
8
What is the remainder when 19349 is divided by 59?
56
What is the remainder when 77 is divided by 21?
14
What is the remainder when 198 is divided by 94?
10
What is the remainder when 72 is divided by 35?
2
Calculate the remainder when 121 is divided by 25.
21
What is the remainder when 487 is divided by 8?
7
What is the remainder when 3309 is divided by 43?
41
Calculate the remainder when 791 is divided by 198.
197
Calculate the remainder when 1326 is divided by 65.
26
What is the remainder when 312 is divided by 20?
12
Calculate the remainder when 3114 is divided by 60.
54
What is the remainder when 142 is divided by 68?
6
Calculate the remainder when 510 is divided by 3.
0
What is the remainder when 51 is divided by 20?
11
What is the remainder when 358 is divided by 18?
16
What is the remainder when 953 is divided by 9?
8
What is the remainder when 100 is divided by 6?
4
Calculate the remainder when 10023 is divided by 9.
6
What is the remainder when 79 is divided by 17?
11
What is the remainder when 243 is divided by 29?
11
What is the remainder when 2013 is divided by 94?
39
What is the remainder when 742 is divided by 221?
79
What is the remainder when 857 is divided by 39?
38
What is the remainder when 306 is divided by 272?
34
Calculate the remainder when 169 is divided by 53.
10
What is the remainder when 357 is divided by 18?
15
Calculate the remainder when 35 is divided by 21.
14
Calculate the remainder when 289 is divided by 97.
95
Calculate the remainder when 44 is divided by 24.
20
Calculate the remainder when 111 is divided by 95.
16
What is the remainder when 802 is divided by 62?
58
What is the remainder when 1295 is divided by 27?
26
What is the remainder when 17786 is divided by 147?
146
Calculate the remainder when 73 is divided by 39.
34
Calculate the remainder when 704 is divided by 214.
62
What is the remainder when 2157 is divided by 36?
33
What is the remainder when 1080 is divided by 100?
80
Calculate the remainder when 252 is divided by 29.
20
Calculate the remainder when 72 is divided by 25.
22
What is the remainder when 479 is divided by 91?
24
Calculate the remainder when 515 is divided by 18.
11
Calculate the remainder when 121 is divided by 18.
13
What is the remainder when 47 is divided by 18?
11
Calculate the remainder when 1055 is divided by 88.
87
What is the remainder when 165 is divided by 79?
7
What is the remainder when 4417 is divided by 47?
46
Calculate the remainder when 143 is divided by 33.
11
Calculate the remainder when 405 is divided by 260.
145
What is the remainder when 1208 is divided by 39?
38
What is the remainder when 711 is divided by 176?
7
What is the remainder when 134 is divided by 53?
28
Calculate the remainder when 49 is divided by 18.
13
What is the remainder when 321 is divided by 113?
95
What is the remainder when 65 is divided by 19?
8
Calculate the remainder when 2338 is divided by 18.
16
What is the remainder when 10808 is divided by 47?
45
What is the remainder when 1043 is divided by 12?
11
What is the remainder when 116 is divided by 60?
56
Calculate the remainder when 1594 is divided by 513.
55
What is the remainder when 250 is divided by 28?
26
What is the remainder when 310 is divided by 24?
22
Calculate the remainder when 4824 is divided by 25.
24
What is the remainder when 219 is divided by 11?
10
What is the remainder when 93 is divided by 8?
5
Calculate the remainder when 292 is divided by 43.
34
What is the remainder when 19 is divided by 6?
1
What is the remainder when 786 is divided by 24?
18
Calculate the remainder when 1356 is divided by 31.
23
Calculate the remainder when 2707 is divided by 25.
7
Calculate the remainder when 167 is divided by 40.
7
Calculate the remainder when 709 is divided by 9.
7
What is the remainder when 581 is divided by 546?
35
What is the remainder when 701 is divided by 47?
43
What is the remainder when 73 is divided by 17?
5
What is the remainder when 1615 is divided by 77?
75
What is the remainder when 1185 is divided by 29?
25
Calculate the remainder when 226 is divided by 6.
4
W